12 = 4*s, s - 7 + 4 = 0. Suppose -2*l + 1901 = 3*w, 2*l + m*w - 1871 = 3*w. Is l prime?
False
Suppose 90*q - 402670 = 706400. Is q composite?
False
Let d(l) = 7*l**2 - 150*l - 1859. Is d(-150) a prime number?
True
Let z(n) be the second derivative of 1204*n**3/3 - 67*n**2/2 + 28*n - 2. Is z(4) prime?
False
Suppose 91*j - 23 = 90*j. Suppose j*v - 15*v - 11816 = 0. Is v a prime number?
False
Let v be 736/120 + -6 - (-143516)/30. Let u = v - 3319. Is u a composite number?
True
Suppose 240*t - 5615407 = 67*t. Is t a prime number?
False
Let x = -110 - -103. Let d be 1*2/6*(x - -10594). Suppose -16408 = -5*n + 4*i - d, 0 = n - 2*i - 2571. Is n prime?
True
Suppose 8 = -5*m + c, -2*m + 4*c + c - 17 = 0. Let g be (0 - m)/(1/4). Suppose 0*t - 2947 = -3*y - 2*t, -g*t + 20 = 0. Is y prime?
False
Let u(d) = -4765*d + 5817. Is u(-26) composite?
False
Let j(p) = 6 - 2*p**3 - 41*p**2 - 9*p**2 + 5 + 2 - 112*p - 41*p**2. Is j(-48) composite?
True
Let j = -30780 + 46139. Is j prime?
True
Let m = 7685 - 4107. Let r = 5107 - m. Is r composite?
True
Let a = 278616 + -152363. Is a a prime number?
False
Let m be (5/(-4))/((-1400)/704 + 2). Let u = m + 181. Is u a composite number?
False
Let g be (14 - 5 - 18) + 0 + 1. Is 25/((-40)/g) + 5024 a prime number?
False
Let r = 910 - -36579. Is r a prime number?
True
Suppose -9*f - 29 = -101. Suppose 0 = 2*s - 4*u - 1236 - 242, 0 = -4*u + f. Is s a composite number?
False
Let a be 27242/8 - (-6)/(-24). Suppose -2767 = -4*d + a. Is d a composite number?
False
Suppose 12 = 3*l, a = -l - 3*l + 40. Let m(q) = -20*q + 53*q**2 + 43*q - a*q + 5. Is m(3) composite?
False
Let r be -3 - -6 - (0 + 7 + 1). Let z be (2/r)/(1/(-415)). Is (z/(-2))/(2/3 - 1) a prime number?
False
Let n = 20470 - 13007. Is n composite?
True
Let g be (6/(-2))/(9/(-25644)*4). Let o = g - -165. Is o a prime number?
False
Suppose 40*j - 16 = 38*j. Let g be 1/j*-2 + (-178)/(-8). Suppose -g*c + 16*c + 1230 = 0. Is c composite?
True
Let u = 26229 - 17200. Is u composite?
False
Let f(g) = 4*g**3 - 30*g**2 + 38*g + 37. Let a be f(7). Let w be (-13 + 0)/(2/4). Let p = w + a. Is p a composite number?
False
Let b(a) be the first derivative of -1/2*a**4 + 16*a - 5/2*a**2 - 33 - 10/3*a**3. Is b(-7) composite?
True
Let q(b) = -44*b**3 + b**2 + b - 1. Let i be q(1). Is 5 - (1 + 5)*i prime?
True
Let p(n) = 71*n**2 - 33*n - 5. Let c(o) = -2*o**2 - 15*o + 71. Let k be c(4). Is p(k) a composite number?
True
Let i(p) = 719*p + 46. Let m be i(7). Suppose -2*d - 6772 = -4*j, 0 = j - 4*j + 5*d + m. Is j prime?
True
Let k be -5 + 165/35 - 46/(-14). Suppose q - 10 - 3 = k*h, 2*h + 14 = 2*q. Suppose 7711 = q*i + 7*i. Is i composite?
False
Let r(q) = 4372*q - 149. Is r(6) composite?
False
Let u = 3600516 - 140651. Is u a composite number?
True
Let n = 21 - -38. Suppose f + n - 67 = 0. Suppose -f*d + 22004 + 7092 = 0. Is d a prime number?
True
Suppose 104*a = 99*a + n + 51849, 5*n + 10389 = a. Is a a prime number?
True
Suppose 4*g - 351922 = -9*g + 11*g. Is g composite?
False
Suppose 46*z - 26*z = -1425300. Is ((-27)/(-81))/((-1)/z) a composite number?
True
Let v be (-1)/(-3) - (-811)/(-3). Let p be 457/1 + 44/11. Let i = p + v. Is i a prime number?
True
Let m = 51533 - -90744. Is m a prime number?
False
Let y = -11 - -15. Suppose -5482 = -j + 4897. Suppose y*v + 3615 = j. Is v composite?
True
Let u = 67 - -33. Let p = -119 + u. Let h = -5 - p. Is h composite?
True
Is (9/27 - (-2813354)/12) + (-2)/4 prime?
False
Let v = 191455 - 51488. Is v prime?
True
Let w = -409862 - -846381. Is w composite?
True
Suppose 0 = 13*a - 12995 - 3866. Is a a composite number?
False
Let v = 80 - 185. Let m = -95 - v. Is 1 - -1 - 14*(-1915)/m prime?
True
Let y = -41 + 32. Let f be (y/(-6))/(2/128). Is (4 - 2) + (f - 1) composite?
False
Let a(m) = -6491*m**3 - 19*m**2 - 44*m - 5. Is a(-3) a composite number?
True
Suppose w - 5 = 0, 2*o - o + 8 = 2*w. Let x(q) = -1795*q**2 + 1 + 1796*q**o + 0*q - 2*q. Is x(14) composite?
True
Let y(u) = 826*u + 10. Let c be y(-5). Let d be c/24 + (-4)/(-6). Let a = d + 328. Is a composite?
False
Let a = -146 + 150. Let m be 3*2 + 5/(5/a). Suppose -5*t + m*t = 3*k + 900, 0 = -5*t + k + 890. Is t prime?
False
Let v = -37936 + 53797. Suppose -21394 - v = -5*a. Is a a prime number?
True
Let r(q) = -630*q + 11. Let t = -128 - -32. Let l = t - -89. Is r(l) prime?
True
Is 32/2 + (40 - -233415) prime?
False
Let f(d) = -8 - 592*d - 51 - 8. Is f(-5) composite?
True
Suppose -3*y + 5*y + 44 = 0. Let n be y/(-3) - (4/2)/6. Let f(q) = 15*q**2 - 5*q - 9. Is f(n) a composite number?
False
Suppose 0 = -95*m + 6704054 - 1091179 + 7192080. Is m composite?
False
Suppose -756 - 1374 = 6*g. Suppose -4*w = -0*w - 3504. Let y = g + w. Is y a composite number?
False
Suppose 0 = 4*f + 3*s - 37, -f - 9*s + 6*s = 2. Suppose 20*a = f*a + 1778. Is a composite?
True
Let m(r) = r**3 + 84*r**2 + 57*r - 13. Is m(-59) prime?
False
Let m(h) = 63*h**2 - h + 3. Suppose v = -5*v - 246. Let q = 38 + v. Is m(q) a prime number?
False
Let m be ((-163)/(-3))/((-2)/(-246)). Let z = -3000 + m. Is z composite?
True
Let p(s) = -278*s**2 - 4*s + 50. Let n be p(-9). Let c = n - -43503. Is c prime?
False
Let z(o) = 71*o**2 + 775*o + 89. Is z(45) a composite number?
True
Let v(s) = 8762*s - 1621. Is v(9) composite?
False
Let b(o) = 1324*o - 139. Let t(f) = 19*f - 49. Let v be t(3). Is b(v) a composite number?
False
Suppose -9*v + 5317667 = 4*r - 12*v, 3*r - v - 3988244 = 0. Is r a composite number?
True
Let s(f) = -73933*f + 60. Is s(-1) composite?
True
Suppose -f - 21 = -5*y, -8*y - 2*f = -3*y - 18. Suppose -3*j = -4*o - 1023, y*j + o = 482 + 882. Is j prime?
False
Let s = -83 + 88. Suppose 0 = -s*w - 5*f + 785, -236 = -2*w + f + 69. Suppose 0 = 5*v - w - 6481. Is v composite?
False
Suppose a = -4*a + 3*h + 5, 0 = -4*a + 2*h + 2. Let w be (2 - -1) + a - -4. Let c(g) = 2*g**3 - 7*g**2 - 6. Is c(w) a prime number?
False
Let m(n) = -6*n**3 + n**2 + 1. Let h = 17 + -23. Let i be m(h). Suppose -2*g + i = 167. Is g a prime number?
False
Is -18 + 27 + -14 - -2047938 prime?
True
Let j = 320 - 316. Let r(u) = 53*u**2 + 37*u + 2. Is r(j) a composite number?
True
Let p(j) = j**3 - 24*j**2 + 23*j + 10. Suppose 3*b - 440 = 2*d, 3*b - 4*d - 19 = 423. Suppose 31 = -5*l + b. Is p(l) prime?
False
Let y be (-2)/12 + -1*(-518162)/12. Suppose -y = -24*u + 4*u. Is u prime?
False
Let g be 5/(0 + (-15)/(-12)) - 10. Let j = 217 + g. Is j a prime number?
True
Suppose 4*j + 48 = 12*j. Let p(n) = 18*n**3 - 21*n**2 + 2*n - 11. Is p(j) a composite number?
True
Let i be (-58)/4 + (-19)/(-38). Let k(h) = -2*h**3 - 18*h**2 - 15*h - 41. Is k(i) a prime number?
True
Suppose -h + 23484 + 17393 = 0. Suppose -3*l + 35923 = -5*p + 11419, -5*l - 4*p + h = 0. Is l prime?
False
Let i(l) = -6*l - 14. Let b be i(-3). Suppose -8*o = -b*o, 4*g + 5*o + 608 = 0. Let c = 310 + g. Is c composite?
True
Let s(x) = -56*x + 80. Let w be s(-26). Let z = w + -497. Is z composite?
False
Let h(j) = j**2 - 25*j + 7. Let q be h(21). Is q/11 + 2296 + 2 prime?
False
Let t(j) = -j**2 + 4*j - 7. Let a be t(3). Let u be (-4)/(-6) + a/6. Suppose -4*m + 4 = u, w + 2*m - 777 = 6*m. Is w composite?
True
Let y(r) = -12*r - 552 + 527 + 3*r - 6*r**2. Let g be y(-5). Let n = g + 1247. Is n a prime number?
True
Suppose 0 = -8*x + 16 + 24. Suppose 0 = x*y + 5*t - 38815, -3*y - 5*t + 23697 - 412 = 0. Is y a prime number?
False
Let c = 7 + 1. Suppose 0 = -3*s + 4*z - c + 1, -z + 16 = 4*s. Suppose 0 = 2*d - 3*h - 274, d + s*d = -2*h + 516. Is d a prime number?
True
Suppose -5*p = -7*p + 164468. Is p composite?
True
Let m = -85 - -113. Is (-28725)/(-35) + 8/m composite?
False
Let d be 4/(-8) - 252/(-8)*-1. Let c = d + -4. Let a = c - -70. Is a composite?
True
Let j = 6939 - 882. Suppose -t = -4*a - 17, 3*t - 7 = 2*a + 4. Is (a + (-13)/(-3))*j composite?
True
Let j = 333699 + -157770. Suppose -25*q = 14*q - j. Is q prime?
False
Let w(q) = q**3 + 3*q**2 - 3*q - 8. Let r be w(-4). Let n be (-28)/(-21)*9/r*-2. Is n/5 - (-27138)/30 a composite number?
True
Let m = 1383 + 41. Let p = 2777 + m. Is p composite?
False
Let g be -1 - (7*-14)/7. Suppose 0 = b - g*b + 12468. Is b a prime number?
True
Suppose 4*u + j - 5*j + 4 = 0, -5*j = -25. Suppose 2*v + 8 = 2*d + 52, u*d = -2*v + 56. Suppose -1045 = -29*x + 